ase 16) to base 11.
-158747
Convert 414144010 (base 5) to base 10.
1709255
Convert -1100100000101111 (base 2) to base 16.
-c82f
Convert 10000011110100111101 (base 2) to base 15.
a9eca
3456937 (base 10) to base 16
34bfa9
2010002202112 (base 3) to base 9
2102675
b3e50 (base 15) to base 3
1001222012110
What is -110101022112221 (base 3) in base 4?
-121012202011
-949446 (base 10) to base 7
-11033031
-5030411 (base 9) to base 15
-37d3b7
Convert -1100116 (base 8) to base 12.
-122866
What is -604356 (base 7) in base 12?
-4b316
What is -2031101101 (base 4) in base 2?
-10001101010001010001
Convert -852908 (base 10) to base 15.
-11caa8
-5101255 (base 6) to base 11
-155396
What is -100543214 (base 6) in base 15?
-240e0a
10736680 (base 9) to base 15
6d1e1c
What is -a840 (base 12) in base 11?
-12980
Convert 4290144 (base 10) to base 4.
100113121200
-1406455 (base 7) to base 10
-187171
-406003 (base 10) to base 7
-3310453
Convert 101009 (base 13) to base 2.
1011011001011111011
Convert 84700b (base 12) to base 10.
2085707
What is 79bc (base 16) in base 8?
74674
Convert 2e87 (base 16) to base 10.
11911
-118c6 (base 13) to base 4
-13320100
Convert 10236038 (base 9) to base 15.
67448e
Convert -24240412 (base 7) to base 11.
-1246741
What is -11122020010000 (base 3) in base 13?
-683ba4
Convert -243111321 (base 5) to base 12.
-472462
Convert -5a67a7 (base 11) to base 15.
-13e960
221a20 (base 13) to base 4
3010030211
What is -41043214 (base 5) in base 2?
-1010000110100110011
What is -12102020200110 (base 3) in base 13?
-79a310
31203033112 (base 4) to base 15
4a2794
What is 21013131113 (base 4) in base 10?
2389847
Convert c2545 (base 14) to base 8.
1621101
Convert 110212023331 (base 4) to base 8.
24461375
Convert -152311 (base 10) to base 16.
-252f7
-30356500 (base 8) to base 5
-3120214012
162661220 (base 7) to base 8
52133644
What is 45052 (base 10) in base 14?
125c0
ac994 (base 14) to base 8
1462246
Convert 18a932 (base 11) to base 13.
a3259
What is -247386 (base 13) in base 6?
-30412510
What is -1160895 (base 12) in base 5?
-1330013442
122303021 (base 4) to base 9
176515
c3b2 (base 16) to base 5
3100343
What is -14381403 (base 10) in base 12?
-49966a3
Convert -366a106 (base 11) to base 14.
-bc1c88
Convert -94711b (base 13) to base 3.
-20112100221100
-3834681 (base 11) to base 14
-c52893
What is -17233 (base 16) in base 4?
-113020303
100110110100000011001000 (base 2) to base 13
2153216
Convert 144102333 (base 5) to base 2.
10111011110001000101
What is 100001000011010111 (base 2) in base 8?
410327
Convert -211022123 (base 4) to base 3.
-21201210202
Convert 1063550 (base 7) to base 15.
297ae
What is -4a119 (base 11) in base 6?
-1313223
65bb (base 14) to base 12
a235
-610564 (base 9) to base 2
-1011000001101100110
What is 1001301102 (base 4) in base 11?
174444
-12002110212112 (base 3) to base 13
-739874
-387191 (base 13) to base 6
-45035105
What is -51043405 (base 6) in base 2?
-101100010100100011101
What is -14562741 (base 8) in base 13?
-8ca375
-140143014 (base 5) to base 16
-ad20e
What is -2571732 (base 8) in base 4?
-2233033122
What is -141442 (base 9) in base 13?
-3041c
Convert -10001100101101100001 (base 2) to base 12.
-239655
What is 4a955 (base 12) in base 7?
602111
-232224132 (base 6) to base 3
-22010001011002
What is 2562134 (base 9) in base 7?
14614621
Convert 1363149 (base 11) to base 15.
3154d7
9495bc (base 14) to base 15
6925b7
What is -1213302203 (base 4) in base 2?
-1100111110010100011
-33725220 (base 8) to base 14
-d86d7a
Convert 21110202102022 (base 3) to base 4.
33021201200
What is -10cab (base 16) in base 3?
-10111100101
What is 7204304 (base 9) in base 4?
32221311010
Convert -76497 (base 13) to base 16.
-34395
-1341340304 (base 5) to base 4
-31031331313
-6b9a3 (base 14) to base 15
-52c0c
-7189e (base 15) to base 3
-200021102012
What is 529c5 (base 15) in base 8?
777705
Convert -972937 (base 11) to base 13.
-426171
11031133 (base 6) to base 9
553633
Convert 486335 (base 10) to base 16.
76bbf
-212121121121 (base 3) to base 9
-777547
125852 (base 9) to base 16
12adf
What is 40040321 (base 5) in base 9?
530185
6606 (base 13) to base 12
8276
What is -44675 (base 13) in base 16?
-1e4ee
Convert -44024003 (base 5) to base 7.
-3126256
5a2217 (base 11) to base 16
e90db
1012212222020 (base 3) to base 10
647331
Convert -1155032 (base 7) to base 2.
-100100001011100111
Convert 98277 (base 13) to base 9.
458273
What is -4511 (base 12) in base 16?
-1ddd
1244560 (base 8) to base 4
1110211300
What is 32113244 (base 5) in base 11?
1747a5
Convert 30397 (base 11) to base 9.
66804
What is 126563 (base 8) in base 10?
44403
-1102220102101 (base 3) to base 14
-15d0cd
Convert -1a5b52 (base 14) to base 16.
-e4fcc
What is -13650524 (base 7) in base 9?
-2374888
-557a2 (base 11) to base 9
-132768
Convert -427ca (base 15) to base 9.
-351411
Convert -8b14a (base 13) to base 11.
-162aa7
What is -b993 (base 14) in base 9?
-48001
Convert 3453005 (base 8) to base 3.
1202201210020
Convert 23222342 (base 6) to base 2.
10101111011011010110
Convert -10331051 (base 6) to base 15.
-61134
Convert -14233110 (base 5) to base 13.
-52b76
40055001 (base 7) to base 11
195a2a6
6ca89b (base 14) to base 7
43410654
-100011110111101011011101 (base 2) to base 16
-8f7add
1010121120 (base 3) to base 11
15849
Convert -112202112112120 (base 3) to base 15.
-a4e423
What is -6649a (base 11) in base 12?
-47975
-511159 (base 10) to base 5
-112324114
Convert 27745063 (base 9) to base 13.
2ac9171
Convert 112321331 (base 7) to base 9.
13844652
What is 1fd66f (base 16) in base 7?
23510060
Convert -1274706 (base 8) to base 13.
-c7452
Convert 1156067 (base 8) to base 6.
10454343
What is -1121002100 (base 3) in base 6?
-401230
What is 113102411 (base 6) in base 4?
20002213213
What is -725a9 (base 12) in base 15?
-2e43c
What is 132379 (base 10) in base 7?
1060642
Convert -3a548 (base 14) to base 7.
-1136021
What is 1010110101100101011 (base 2) in base 3?
200001010102
Convert 3021332122 (base 4) to base 13.
22c729
Convert 6704124 (base 10) to base 16.
664bfc
What is -1112010111000 (base 3) in base 9?
-1463430
What is -533410 (base 6) in base 8?
-125056
What is -52ea (base 15) in base 2?
-100010010001001
What is -76a237 (base 12) in base 7?
-22004164
What is -24635 (base 14) in base 13?
-316a7
What is -275085 (base 13) in base 3?
-1210110002210
Convert 11001101011001111 (base 2) to base 10.
105167
What is -3c126 (base 16) in base 11?
-158956
What is 1121202110201 (base 3) in base 7?
10215025
Convert 497c (base 13) to base 14.
3b1a
Convert 79db91 (base 16) to base 3.
120000201211012
-6d640 (base 16) to base 14
-b9408
What is 105535404 (base 6) in base 7?
22430140
What is ab138b (base 12) in base 16?
297bdb
-2212222022120 (base 3) to base 6
-52521240
What is -35465 (base 11) in base 14?
-148c5
Convert 1014525 (base 6) to base 9.
74208
-430210230 (base 5) to base 6
-102354555
21032002 (base 5) to base 15
36852
Convert -dba667 (base 14) to base 7.
-120156460
Convert -44368 (base 9) to base 2.
-111001100011001
What is -23032221 (base 4) in base 11?
-31612
Convert 36271227 (base 8) to base 2.
11110010111001010010111
What is 1215913 (base 14) in base 5?
4204042401
-38674f (base 16) to base 4
-32012131033
What is 222021211020011 (base 3) in base 4?
311102333323
-21a3123 (base 11) to base 9
-7224614
Convert -37296 (base 14) to base 15.
-29eda
Convert -28050 (base 10) to base 12.
-14296
Convert -32207 (base 13) to base 11.
-61a32
What is 2230389 (base 13) in base 16?
9ff34b
-32032330 (base 4) to base 6
-1125524
-10121002211 (base 3) to base 8
-212205
-10013142 (base 5) to base 7
-446552
What is 5c7150 (base 13) in base 3?
11011112011000
Convert -204928 (base 12) to base 8.
-1734060
Convert -332343 (base 7) to base 13.
-20811
42435161 (base 7) to base 2
1101110000010011001100
Convert -25a87 (base 12) to base 14.
-14b79
What is 5044515 (base 6) in base 7?
2015210
-441353 (base 7) to base 9
-127105
-54502 (base 6) to base 12
-4432
Convert 11010101101010100 (base 2) to base 14.
2bc20
Convert -331630 (base 7) to base 2.
-1110001110101010
Convert 22122101112 (base 3) to base 6.
3351405
103133103030 (base 4) to base 8
23372314
What is -125426360 (base 7) in base 3?
-120012020000012
What is 1100121012212 (base 3) in base 9?
1317185
